et l(s) = s**3 + 6*s**2 - 8*s - 14. Suppose -13*k = -22 + 113. Determine l(k).
-7
Let p(y) = y**3 + 5*y**2 + 6*y + 5. Let i be (-1*1)/(4/16). Let n be p(i). Let k(t) = 4*t + t**2 + 2 - 4 - 2*t + 1. Give k(n).
2
Let r(u) = -u**3 - 5*u**2 - 6. Suppose -t = -0 - 7. Suppose -4*w + q = 14 + 5, -3*q + t = -2*w. What is r(w)?
-6
Let d(n) = n. Let l = -62 + 65. Suppose -18 = -l*b + 9*b. What is d(b)?
-3
Let x(t) = -2*t + 11. Let c be ((-12)/15)/(3/(-30)). Let j be x(c). Let g(i) be the second derivative of i**5/20 + 5*i**4/12 + i**3/6 + i**2 + 32*i. Give g(j).
-3
Let j(a) = a**2 + 5*a. Let p = 60 - 48. Suppose 2*v + p = -v. What is j(v)?
-4
Let l(o) = 2*o**3 + 7*o**2 + 3*o + 6. Let g = -1449 - -1446. Calculate l(g).
6
Let v(s) = s**2 + 8*s - 5. Let r(n) = -32*n - 228. Let q be r(-7). Calculate v(q).
-21
Let s(g) = -g**2 + 9*g - 14. Let a be s(5). Let d be (a/(-2) + 2)*1. Let k(z) = -12*z - 1. Let w(m) = -49*m - 5. Let c(v) = -9*k(v) + 2*w(v). Determine c(d).
-11
Suppose 4 = 16*u - 18*u. Let c(p) be the second derivative of -p**3/3 + 4*p**2 + p. Let o(s) = -3*s + 9. Let d(y) = -6*c(y) + 5*o(y). Give d(u).
3
Suppose 8 + 6 = 2*i - 3*x, 0 = 2*x + 4. Let w(q) = -q - 4. Calculate w(i).
-8
Let x(v) = -v**3 + 4*v**2 - 2*v. Let s(l) = l**2 - 2*l + 1. Let d be s(1). Suppose 3*y = -4*f + 33, d*y - 2*f = -3*y + 33. Let j = y - 9. Determine x(j).
4
Let t(y) = y**3 + 11*y**2 - 8*y + 4. Let v(i) = -2*i**2 + i - 1. Let g(x) = t(x) + 6*v(x). Calculate g(0).
-2
Let z(x) = -5*x - 57. Let v(o) = 26*o + 284. Let r(c) = 2*v(c) + 11*z(c). Let t be r(-18). Let i(q) = q**3 + 4*q**2 - 6*q + 1. Calculate i(t).
6
Let m be (-22)/(-2) + -1 - (-5)/5. Let l(n) = -m*n**2 + 10*n**2 - 3 + 5*n - 2. Determine l(4).
-1
Let i(x) = 2*x - 1. Suppose -3*v + o - 102 = 0, -v + 68 = -3*v + 3*o. Let s = v + 36. Determine i(s).
3
Suppose 4*m - f = 36, -34 = -3*m - 2*f + f. Suppose m = -2*y - 2. Let d(x) = -x**3 - 7*x**2 - 6*x - 4. Let r be d(y). Let l(n) = -2*n**2 - 5*n + 4. Give l(r).
-8
Let u(q) be the second derivative of q**3/6 + 21*q**2/2 - q - 26. Give u(-19).
2
Let z(m) = -m**2 - 3*m - 3. Let r be z(-3). Let g(c) be the second derivative of -5*c**3/6 + c**2/2 + 4*c. Give g(r).
16
Let b(j) be the second derivative of -j**3/6 - 11*j**2/2 - 79*j. Determine b(-8).
-3
Suppose 3*i - 248 = -5*v, 3*v - 7*i + 9*i = 149. Let t(x) = x**3 - 6*x**2 + 1. Let s be t(6). Let c(p) = -s + v*p - 25*p - p**2 - 27*p. Give c(-3).
-1
Suppose 2*d - 13 = -b, -3*b + 7 = 5*d - 3*d. Let m(v) = 6*v - 13*v - 3 - 1 + d*v. What is m(0)?
-4
Suppose 50 = -4*l + 5*n, -3*n - 28 = 2*l - 7*n. Suppose -2*k + 3*k + r = 7, 4*k + 2*r - 32 = 0. Let f = l + k. Let z(g) = -10*g - 1. Calculate z(f).
9
Let m = -26 - -31. Let w = m + -8. Let k(g) = 4*g**3 - 3*g**3 + 4*g**2 + 4 + 7*g - 2*g + 0. Give k(w).
-2
Let x(p) = 3*p**3 - 2*p**2 - 15*p - 18. Let b(c) = c**3 - c**2 - 5*c - 6. Let u(g) = -17*b(g) + 6*x(g). What is u(-5)?
19
Let o(v) = -v**3 - 5*v**2 - 4*v - 9. Suppose 5*m + 9*i + 33 = 6*i, -5*i = -4*m - 19. What is o(m)?
51
Let q(w) = -85*w - 859. Let v be q(-10). Let g(m) = m**3 + 10*m**2 + 8*m + 5. Give g(v).
14
Let g = -223 + 223. Let x(p) = p**3 + p**2 + 5. Calculate x(g).
5
Let q be (-2)/(-9) + (-32)/(-18). Let f(g) = g**3 - 14*g**2 + 15*g. Let s be f(1). Let l(r) = -15*r**q - 12*r**s - r + 26*r**2 + 1. What is l(0)?
1
Let r(a) be the second derivative of 2*a**3/3 + a**2/2 - a + 117. Give r(4).
17
Let o = -48 - -50. Let n(j) = j**2 + 5*j - 3. Let l(v) be the first derivative of -2*v**3/3 - 11*v**2/2 + 6*v + 1. Let f(m) = o*l(m) + 5*n(m). Give f(-5).
7
Let w be (18/15)/(27/(-15) + 2). Let l(y) = -3*y + 25. Let c be l(w). Let s(m) be the second derivative of m**3/3 - 7*m**2/2 - m. Calculate s(c).
7
Suppose -4*u + 0*u + 36 = 0. Let z(w) = w**2 - 8*w - 12. Calculate z(u).
-3
Let d(n) = 0 + 0*n + 2*n + 4 - 22*n. What is d(3)?
-56
Suppose 12*z + 62 = -34. Let s(h) = 5*h**2 + 2*h - 9. Let v(a) = 11*a**2 + 3*a - 18. Let n(q) = 9*s(q) - 4*v(q). Calculate n(z).
7
Let t(n) = 2*n + 504 - 994 + 515. Calculate t(-15).
-5
Let r = 1239 + -1246. Let c(p) = -p**2 - 7*p + 10. Determine c(r).
10
Let u(i) = -i**3 - i**2 + i + 2. Let w(n) = -n**3 - n**2 + 1. Let o(f) = -u(f) + 2*w(f). Let y be o(0). Let d(z) = 691 - 2*z**2 + z**2 - 700 + z**3. Give d(y).
-9
Let x be 12/(-8)*2/(-3). Let m = x + -7. Let u(d) = 2 - d**2 + 0*d - 4*d + 3. Give u(m).
-7
Let x(v) be the second derivative of -v**4/12 + 7*v**3/6 - 5*v**2/2 + v - 1. Let g(d) = d**3 - 19*d**2 + 17*d + 23. Let b be g(18). Give x(b).
5
Let l = -3 + 2. Let q(x) be the third derivative of -x**8/20160 + x**5/30 - x**2. Let g(h) be the third derivative of q(h). Calculate g(l).
-1
Let j be 2/7 + (-10)/35. Suppose 3*f - 3*l = j, 3*f + 4*l = -0*l + 14. Let v(a) = 3*a**3 - 4*a**2 + 2*a. Determine v(f).
12
Let v(p) be the second derivative of p**5/20 + p**4/6 + p + 44. Calculate v(-2).
0
Let u(y) = y - 1. Suppose 0 = -2*j - 7 + 15. Suppose 3*w + 0*w + 3*t - 12 = 0, -1 = -w - j*t. Suppose 5*c + g + 24 = 0, 0*g = w*c + 2*g + 28. What is u(c)?
-5
Let g(q) be the first derivative of -q**2/2 + 11*q - 1. Let p = -70 - -78. Suppose 4*v - 4*k = p, -7*k + 3*k + 17 = v. What is g(v)?
6
Let x(s) = 6*s**3 + 34*s**2 + 5*s + 6. Let i(t) = t**3 + 7*t**2 + t + 1. Let p(g) = -11*i(g) + 2*x(g). What is p(9)?
-8
Suppose 35 + 1224 = 4*n - 5*p, 2*n = 3*p + 627. Let l(u) = -u**3 + 5*u**2 - n + 0*u**2 - 3*u + 327. Give l(4).
10
Suppose -p - 4*l = 20 - 32, 3*p = 5*l + 2. Let w(g) = -2*g + 6. Determine w(p).
-2
Let g(y) = y**3 - 6*y**2 + 2*y. Let f = -23 - -25. Let p be (3/f)/(3/12). Give g(p).
12
Let m(r) = -26 - r**3 - 9*r + 10*r**2 + 11 + 8. Give m(9).
-7
Let l = 4 - 2. Let r(i) = -i**2 - 3. Let j(k) = 8 + k + 7 - 16*k**2 + 21*k**2. Let t(y) = 2*j(y) + 11*r(y). Give t(l).
-3
Let c(i) = 5*i**2 + 2*i + 9. Let t(g) = -g**2 - 1. Let m be -13 + 11 + 1 + -5. Let y(k) = m*t(k) - c(k). What is y(3)?
0
Let b(q) = q**2 - q + q**2 + 0*q + 7*q**3 + 10*q**3. Suppose -6 = 13*u - 15*u + a, -2*a - 8 = 0. Determine b(u).
18
Let s be ((-2)/(-6))/((-24)/(-48)). Let p(w) be the first derivative of 1/4*w**4 - w**2 - 4*w - s*w**3 - 4. Give p(3).
-1
Let k(j) = -4*j**3 + j. Let g be 3/(30/4) + 714/(-10). Let p = -72 - g. Give k(p).
3
Let d(r) be the third derivative of 0 + 0*r + 15*r**2 - 1/12*r**4 - 5/3*r**3. Calculate d(-7).
4
Let w(f) = f**3 - 28*f**2 + 2 - 36*f**2 - 2*f - 29*f**2 + 87*f**2. Calculate w(6).
-10
Suppose 1 = m - 3*f - 3, -4*m + 16 = -2*f. Let c be (-48)/(-28) + m/14. Suppose n + t - 5*t = 23, -26 = -c*n + 4*t. Let a(j) = j**2 - 3*j + 4. Calculate a(n).
4
Let r(o) be the first derivative of 2*o**3/3 - 5*o**2 - 7*o - 140. Give r(6).
5
Let d(x) = -2*x**2 - 4*x + 1. Let q(v) = -v**2 + 2*v. Let i(t) = -d(t) - 3*q(t). What is i(-1)?
6
Let h(k) = -k**2 - 17. Let b be h(0). Let u = 17 + b. Let j = u - 1. Let s(q) = -4*q**2 + 1. What is s(j)?
-3
Let c(r) = r**3 + 5*r**2 - 3*r + 13. Suppose -23 - 37 = 10*n. What is c(n)?
-5
Let t(w) = -w + 7. Suppose -2*o = 5*x - 45, 2*x = -0*o + o. Suppose 0 = -4*p + 14 + o. What is t(p)?
1
Let v be (-6)/(2/6*(-124)/62). Let u(q) = q**3 - 8*q**2 - 11*q - 3. What is u(v)?
-21
Let j(x) = 4*x**2 + 14*x + 3. Let w be j(-4). Let t(u) = -u**3 + 10*u**2 + 12*u - 9. What is t(w)?
2
Let t be 6/(-9)*(-1 + 145/10). Let f(n) = 2*n + 13. Give f(t).
-5
Let x(k) = k**2 + 3*k. Let m be 2/5 - 34/10. Let c be x(m). Let s(j) = 4*j - 4. Let a(q) = -3*q + 3. Let w(o) = -5*a(o) - 4*s(o). Calculate w(c).
1
Let n(f) = -f - 9. Let h(t) = -13*t - 45. Let m be h(-3). Determine n(m).
-3
Let y = 2396 + -2391. Let v(l) = -l**3 + 5*l**2 + l + 2. Determine v(y).
7
Let n(o) be the first derivative of o**2/2 + o - 36. Let m(l) = -7*l + 21. Let i(a) = m(a) + 6*n(a). What is i(0)?
27
Let t = 1413 + -1418. Let q(x) = 6*x + 21. Give q(t).
-9
Let l(v) = 7*v**2 + 2*v + 1. Let q be -1 - ((-2)/11 - (-84)/(-22)). Let m be -2*(q + 5/(-2)). Calculate l(m).
6
Let m(r) = -r**3 - 7*r**2 + 9*r. Let o be m(-7). Let g = -71 - o. Let q(t) = -t**3 - 8*t**2 - 9. Calculate q(g).
-9
Let o(v) = 3*v**2 + 30*v + 2. Let u be o(-10). Let z(b) = -7*b**2 + b - 1. Calculate z(u).
-27
Let o(g) = g**3 - 7*g**2 - 8*g + 2. Let f(b) = 7*b**3 - 9*b + 4. Let w(v) = v**3 + v**2 - v - 1. Let a(n) = -f(n) + 6*w(n). Let z be a(6). Give o(z).
2
Let s(l) be the third derivative o